{"id":67,"date":"2017-04-10T00:10:16","date_gmt":"2017-04-09T22:10:16","guid":{"rendered":"http:\/\/schuleunterstrom.de\/?page_id=67"},"modified":"2017-04-10T00:10:16","modified_gmt":"2017-04-09T22:10:16","slug":"ueber-mich","status":"publish","type":"page","link":"https:\/\/schuleunterstrom.de\/index.php\/ueber-mich\/","title":{"rendered":"\u00dcber mich"},"content":{"rendered":"<p>Schon immer interessiert an Technik, Informatik, Physik und Chemie in breiter Anwendung und mit Macgyver aufgewachsen.\u00a0Nach der Schule erstmal was richtiges in der mittelst\u00e4ndischen Industrie gelernt und dabei erstmals mit Automatisierung in Ber\u00fchrung gekommen.<\/p>\n<p>Aus Unterforderungen und Idealismus anschlie\u00dfend Lehramt f\u00fcr Geschichte und Politik in Leipzig studiert. Trotz Modularisierung unz\u00e4hlige Vorlesungen fremder Wissenschaften besucht. Nebenbei den Radrennsport als neuen Ausgleich entdeckt und seitdem leidenschaftlich ergeben.<\/p>\n<p>12 Monate im Referendariat in einer &#8222;Brennpunktschule&#8220; viel Kopfsch\u00fctteln und Nachdenkliches erfahren.<\/p>\n<p>In einem ESF-Projekt zu digitalen Medien viel Geld in Luft aufgel\u00f6st. Diese\u00a0Erfahrung pr\u00e4gt bis heute meine abwartende Haltung neuem &#8222;digitalen Zauberst\u00e4ben&#8220; gegen\u00fcber ohne dabei alles zu verteufeln.<\/p>\n<p>\u00dcber Goslar in der kleinen sch\u00f6nen Schule der Samtgemeinde Isenb\u00fcttel in Calberlah endlich in der Lage die vielen Ideen in meinem Kopf umzusetzen.<\/p>\n","protected":false},"excerpt":{"rendered":"<p>Schon immer interessiert an Technik, Informatik, Physik und Chemie in breiter Anwendung und mit Macgyver aufgewachsen.\u00a0Nach der Schule erstmal was richtiges in der mittelst\u00e4ndischen Industrie gelernt und dabei erstmals mit Automatisierung in Ber\u00fchrung gekommen. Aus Unterforderungen und Idealismus anschlie\u00dfend Lehramt f\u00fcr Geschichte und Politik in Leipzig studiert. Trotz Modularisierung unz\u00e4hlige Vorlesungen fremder Wissenschaften besucht. Nebenbei [&hellip;]<\/p>\n","protected":false},"author":1,"featured_media":0,"parent":0,"menu_order":0,"comment_status":"closed","ping_status":"closed","template":"","meta":{"cybocfi_hide_featured_image":"","footnotes":""},"class_list":["post-67","page","type-page","status-publish","hentry"],"_links":{"self":[{"href":"https:\/\/schuleunterstrom.de\/index.php\/wp-json\/wp\/v2\/pages\/67","targetHints":{"allow":["GET"]}}],"collection":[{"href":"https:\/\/schuleunterstrom.de\/index.php\/wp-json\/wp\/v2\/pages"}],"about":[{"href":"https:\/\/schuleunterstrom.de\/index.php\/wp-json\/wp\/v2\/types\/page"}],"author":[{"embeddable":true,"href":"https:\/\/schuleunterstrom.de\/index.php\/wp-json\/wp\/v2\/users\/1"}],"replies":[{"embeddable":true,"href":"https:\/\/schuleunterstrom.de\/index.php\/wp-json\/wp\/v2\/comments?post=67"}],"version-history":[{"count":2,"href":"https:\/\/schuleunterstrom.de\/index.php\/wp-json\/wp\/v2\/pages\/67\/revisions"}],"predecessor-version":[{"id":70,"href":"https:\/\/schuleunterstrom.de\/index.php\/wp-json\/wp\/v2\/pages\/67\/revisions\/70"}],"wp:attachment":[{"href":"https:\/\/schuleunterstrom.de\/index.php\/wp-json\/wp\/v2\/media?parent=67"}],"curies":[{"name":"wp","href":"https:\/\/api.w.org\/{rel}","templated":true}]}}